{"id":29618,"date":"2025-12-11T14:18:34","date_gmt":"2025-12-11T14:18:34","guid":{"rendered":"https:\/\/miamivit.com\/turkiye\/?post_type=product&#038;p=29618"},"modified":"2025-12-18T20:45:58","modified_gmt":"2025-12-18T20:45:58","slug":"miamivit-la-perla-vitrifiye-tepsi-banyo-tepsi-20-dikdortgen-set-esya-koyma","status":"publish","type":"product","link":"https:\/\/miamivit.com\/turkiye\/product\/miamivit-la-perla-vitrifiye-tepsi-banyo-tepsi-20-dikdortgen-set-esya-koyma\/","title":{"rendered":"Miamivit La Perla Vitrifiye Tepsi Banyo Tepsi-20-Dikd\u00f6rtgen Set E\u015fya Koyma"},"content":{"rendered":"<p>Mermer Makyaj Tepsisi, Mermer Banyo Tepsisi Tezgah\u0131, Komodin D\u00fczenleyici i\u00e7in Dekoratif Tepsiler, Mutfak, Parf\u00fcm, Tak\u0131 Saklama Kutusu i\u00e7in Beyaz Ta\u015f Servis Tepsileri, Do\u011fal Mermer Tepsi<\/p>\n<p>Yumu\u015fak do\u011fal mermer zarif bir \u015fekilde <span class=\"misspell-word\">damarlanm\u0131\u015f<\/span>\u00a0zeminiyle \u00fcnl\u00fc Milas, safl\u0131k ve sanat\u0131n uyumlu bir kar\u0131\u015f\u0131m\u0131n\u0131 yans\u0131t\u0131r; hayranl\u0131k uyand\u0131ran mekanlar yaratmak i\u00e7in m\u00fckemmeldir. Mermerin her santimi farkl\u0131 bir desene, e\u015fit parlakl\u0131\u011fa sahiptir ve e\u011flence dolu bir deneyim sunar.<\/p>\n<h1>Y\u00fcksek Kaliteli Do\u011fal Mermer<\/h1>\n<p>Do\u011fal mermer makyaj tepsisi, tek par\u00e7a kal\u0131plama i\u015flemiyle \u00f6zenle \u00fcretilmi\u015ftir. Banyo tepsisi tezgah\u0131n\u0131n dayan\u0131kl\u0131 olmas\u0131n\u0131 ve orijinal \u00e7ekici rengini kaybetmemesini sa\u011flayarak size uzun vadeli istikrarl\u0131 ve y\u00fcksek kaliteli bir deneyim sunar.<\/p>\n<h1>Geni\u015f Uygulama Alanlar\u0131<\/h1>\n<p>Mermer banyo tepsisi daha b\u00fcy\u00fck boyutlarda tasarlanm\u0131\u015ft\u0131r. \u00c7e\u015fitli boyutlarda olan bu ta\u015f makyaj tepsisi, parf\u00fcm, mum, \u015fampuan, tak\u0131 hatta \u00e7atal b\u0131\u00e7ak tak\u0131m\u0131 gibi e\u015fyalar\u0131 saklamak i\u00e7in uygundur. <span class=\"misspell-word\">\u0130ster <\/span>m<span class=\"misspell-word\">utfak,<\/span> ister yatak odas\u0131, ister o<span class=\"misspell-word\">turma <\/span>odas\u0131 t<span class=\"misspell-word\">ezgah\u0131 <\/span>o<span class=\"misspell-word\">lsun,<\/span> ta\u015f m<span class=\"misspell-word\">akyaj <\/span>t<span class=\"misspell-word\">epsisi <\/span>m<span class=\"misspell-word\">\u00fckemmel <\/span>b<span class=\"misspell-word\">ir <\/span>\u015f<span class=\"misspell-word\">ekilde <\/span>uyum sa\u011flar.<\/p>\n<p>\u00c7e\u015fitli ev ortamlar\u0131na kolayca uyum sa\u011flar ve kullan\u0131\u015fl\u0131 bir saklama alan\u0131 sunar.<\/p>\n<h1>E\u015fsiz Parf\u00fcm Tepsisi Do\u011fal Mermer<\/h1>\n<p>Do\u011fal mermer dokusu benzersizdir ve evinizi dekore etmek i\u00e7in m\u00fckemmeldir. Bu mermer dekoratif tepsi, masa \u00fcst\u00fcne parlak ve benzersiz bir ihti\u015fam katacak ve ola\u011fan\u00fcst\u00fc sanatsal zevki g\u00f6sterecektir.<\/p>\n<h1>Do\u011fal Mermer Kolay Temizleme<\/h1>\n<p>Bu Do\u011fal mermer tak\u0131 tepsisi g\u00fc\u00e7l\u00fc ve dayan\u0131kl\u0131d\u0131r, su ge\u00e7irmez ve leke tutmaz. Bu makyaj masas\u0131 i\u00e7in parf\u00fcm tepsisi kolayca temizlenebilir ve koku \u00fcretmez, her zaman temiz ve taze kal\u0131r, ev ya\u015fam\u0131n\u0131za b\u00fcy\u00fck kolayl\u0131k getirir.<\/p>\n<h1>Zarif Hediye Se\u00e7ene\u011fi<\/h1>\n<p>\u015e\u0131k tasar\u0131m\u0131, onu her durum i\u00e7in m\u00fckemmel bir hediye yapar. Bu mermer e\u015fya sadece pratik bir saklama \u00e7\u00f6z\u00fcm\u00fc de\u011fil, ayn\u0131 zamanda do\u011fum g\u00fcnleri, ev hediyeleri ve di\u011fer \u00f6zel g\u00fcnler i\u00e7in l\u00fcks bir hediye fikridir. Sevdiklerinizi Do\u011fal T\u00fcrk mermer kavanozunun g\u00fczelli\u011fi ve i\u015flevselli\u011fiyle \u015f\u0131mart\u0131n.<\/p>\n<h1><span class=\"misspell-word\">\u0130\u015fletmenize <\/span>\u00f6<span class=\"misspell-word\">zel <\/span>M<span class=\"misspell-word\">ermer <\/span>E<span class=\"misspell-word\">\u015fya <\/span>\u00dc<span class=\"misspell-word\">r\u00fcnleri <\/span>\u00c7<span class=\"misspell-word\">\u00f6z\u00fcmleri<\/span><\/h1>\n<p>Mermer E\u015fyalar <span class=\"misspell-word\">\u0130\u015fletmenize <\/span>\u00f6<span class=\"misspell-word\">zel <\/span>m<span class=\"misspell-word\">arkayla <\/span>\u00fc<span class=\"misspell-word\">retilmesi,<\/span> \u00d6<span class=\"misspell-word\">zel <\/span>tasar\u0131m M<span class=\"misspell-word\">ermer <\/span>e<span class=\"misspell-word\">\u015fya <\/span>y<span class=\"misspell-word\">ap\u0131lmas\u0131 <\/span>o<span class=\"misspell-word\">lmak <\/span>\u00fczere, i<span class=\"misspell-word\">htiya\u00e7 <\/span>n<span class=\"misspell-word\">e <\/span>m<span class=\"misspell-word\">iktarda <\/span>o<span class=\"misspell-word\">lursa <\/span>o<span class=\"misspell-word\">lsun.<\/span> M<span class=\"misspell-word\">ermer <\/span>e<span class=\"misspell-word\">\u015fya <\/span>t<span class=\"misspell-word\">asar\u0131ml\u0131 <\/span>m<span class=\"misspell-word\">ermer <\/span>\u00fc<span class=\"misspell-word\">r\u00fcn <\/span>\u00fc<span class=\"misspell-word\">retimiyle <\/span>i<span class=\"misspell-word\">lgili <\/span>bizle i<span class=\"misspell-word\">leti\u015fime <\/span>g<span class=\"misspell-word\">e\u00e7ebilirsiniz.<\/span> \u0130<span class=\"misspell-word\">\u015fletmenize \u00f6<\/span>zel ta<span class=\"misspell-word\">sar\u0131m v<\/span>e<span class=\"misspell-word\"> \u00f6<\/span>z<span class=\"misspell-word\">el d<\/span>e<span class=\"misspell-word\">senlerde M<\/span>e<span class=\"misspell-word\">rmer K<\/span>u<span class=\"misspell-word\">tu, <\/span>Mu<span class=\"misspell-word\">mluk T<\/span>e<span class=\"misspell-word\">reya\u011f\u0131 k<\/span>a<span class=\"misspell-word\">b\u0131, <\/span>m\u00fc<span class=\"misspell-word\">cevher k<\/span>a<span class=\"misspell-word\">b\u0131 v<\/span>eya ih<span class=\"misspell-word\">tiyac\u0131n\u0131z o<\/span>lan me<span class=\"misspell-word\">rmer e<\/span>\u015f<span class=\"misspell-word\">yalar\u0131 \u00fc<\/span>r<span class=\"misspell-word\">etiriz.<\/span><\/p>\n","protected":false},"excerpt":{"rendered":"<p>Mermer Makyaj Tepsisi, Mermer Banyo Tepsisi Tezgah\u0131, Komodin D\u00fczenleyici i\u00e7in Dekoratif Tepsiler, Mutfak, Parf\u00fcm, Tak\u0131 Saklama Kutusu i\u00e7in Beyaz Ta\u015f Servis Tepsileri, Do\u011fal Mermer Tepsi<\/p>\n<p>Yumu\u015fak do\u011fal mermer zarif bir \u015fekilde <span class=\"misspell-word\">damarlanm\u0131\u015f<\/span>\u00a0zeminiyle \u00fcnl\u00fc Milas, safl\u0131k ve sanat\u0131n uyumlu bir kar\u0131\u015f\u0131m\u0131n\u0131 yans\u0131t\u0131r; hayranl\u0131k uyand\u0131ran mekanlar yaratmak i\u00e7in m\u00fckemmeldir. Mermerin her santimi farkl\u0131 bir desene, e\u015fit parlakl\u0131\u011fa sahiptir ve e\u011flence dolu bir deneyim sunar.<\/p>\n","protected":false},"featured_media":29619,"comment_status":"open","ping_status":"closed","template":"","meta":[],"product_brand":[54],"product_cat":[78,23],"product_tag":[],"class_list":{"0":"post-29618","1":"product","2":"type-product","3":"status-publish","4":"has-post-thumbnail","6":"product_brand-miamivit","7":"product_cat-mermer-banyo-aksesuar","8":"product_cat-mermer-esyalar","10":"first","11":"instock","12":"shipping-taxable","13":"purchasable","14":"product-type-simple"},"tiered_pricing_type":"fixed","tiered_pricing_fixed_rules":[],"tiered_pricing_product_settings":{"layout":"default","base_unit_name":{"singular":null,"plural":null},"default_variation":null},"tiered_pricing_minimum_quantity":null,"tiered_pricing_roles_data":[],"tiered_pricing_percentage_rules":[],"tiered_pricing_maximum_quantity":null,"tiered_pricing_quantity_step":null,"fifu_image_url":"https:\/\/miamivit.com\/turkiye\/Image-tr\/Bathroom\/White-Bright.Bathroom-Vanity-Tray-20-Rectangle-Set.1-Default.jpg","_links":{"self":[{"href":"https:\/\/miamivit.com\/turkiye\/wp-json\/wp\/v2\/product\/29618","targetHints":{"allow":["GET"]}}],"collection":[{"href":"https:\/\/miamivit.com\/turkiye\/wp-json\/wp\/v2\/product"}],"about":[{"href":"https:\/\/miamivit.com\/turkiye\/wp-json\/wp\/v2\/types\/product"}],"replies":[{"embeddable":true,"href":"https:\/\/miamivit.com\/turkiye\/wp-json\/wp\/v2\/comments?post=29618"}],"version-history":[{"count":0,"href":"https:\/\/miamivit.com\/turkiye\/wp-json\/wp\/v2\/product\/29618\/revisions"}],"wp:featuredmedia":[{"embeddable":true,"href":"https:\/\/miamivit.com\/turkiye\/wp-json\/wp\/v2\/media\/29619"}],"wp:attachment":[{"href":"https:\/\/miamivit.com\/turkiye\/wp-json\/wp\/v2\/media?parent=29618"}],"wp:term":[{"taxonomy":"product_brand","embeddable":true,"href":"https:\/\/miamivit.com\/turkiye\/wp-json\/wp\/v2\/product_brand?post=29618"},{"taxonomy":"product_cat","embeddable":true,"href":"https:\/\/miamivit.com\/turkiye\/wp-json\/wp\/v2\/product_cat?post=29618"},{"taxonomy":"product_tag","embeddable":true,"href":"https:\/\/miamivit.com\/turkiye\/wp-json\/wp\/v2\/product_tag?post=29618"}],"curies":[{"name":"wp","href":"https:\/\/api.w.org\/{rel}","templated":true}]}}