{"id":29825,"date":"2025-12-11T18:35:02","date_gmt":"2025-12-11T18:35:02","guid":{"rendered":"https:\/\/miamivit.com\/turkiye\/?post_type=product&#038;p=29825"},"modified":"2025-12-18T20:24:13","modified_gmt":"2025-12-18T20:24:13","slug":"miamivit-la-perla-vitrifiye-kutu-banyo-kutu-tuvalet-fircasi-dalga-16cm-esya-koyma","status":"publish","type":"product","link":"https:\/\/miamivit.com\/turkiye\/product\/miamivit-la-perla-vitrifiye-kutu-banyo-kutu-tuvalet-fircasi-dalga-16cm-esya-koyma\/","title":{"rendered":"Miamivit La Perla Vitrifiye Kutu Banyo Kutu-Tuvalet-F\u0131r\u00e7as\u0131-Dalga-16cm E\u015fya Koyma"},"content":{"rendered":"<p>Do\u011fal Mermer, Traverten Tuvalet F\u0131r\u00e7as\u0131 i\u00e7in Kapakl\u0131 B\u00fcy\u00fck Kapasiteli Mermer Eczac\u0131 Kavanozu, Banyo Malzemeleri Dekorasyonu, Makyaj Saklama D\u00fczenleyici Kab\u0131<\/p>\n<h1>Do\u011fal Mermer, Do\u011fal Benzersiz Tasar\u0131m<\/h1>\n<p>L\u00fcks T\u00fcrk mermerinden \u00fcretilen Mermer kapakl\u0131 tuvalet f\u0131r\u00e7as\u0131 tutucu, sa\u011flam ve dayan\u0131kl\u0131d\u0131r. Do\u011fal Mermer zamans\u0131z bir zarafet de sergiler. Do\u011fal mermer yap\u0131s\u0131, <span class=\"misspell-word\">stabilite<\/span> ve her banyo dekoruna uyum sa\u011flayan \u015f\u0131k bir g\u00f6r\u00fcn\u00fcm sa\u011flar.<\/p>\n<h1>Do\u011fal Mermer Fonksiyonel Tasar\u0131m<\/h1>\n<p>G\u00fcvenli bir kapa\u011fa sahip olan Do\u011fal mermer kavanoz, Bakteri olu\u015fumunu engeller. Tuvalet f\u0131r\u00e7as\u0131n\u0131 en uygun ko\u015fullarda saklar.<\/p>\n<p>Do\u011fal Mermer, Traverten Pamuklu \u00c7ubuk Tutucu, Pamuklu \u00c7ubuklar, Pamuk Toplar\u0131, <span class=\"misspell-word\">Pedler<\/span>, Di\u015f <span class=\"misspell-word\">\u0130pi <\/span>\u00c7<span class=\"misspell-word\">ubuklar\u0131 <\/span>i<span class=\"misspell-word\">\u00e7in <\/span>K<span class=\"misspell-word\">apakl\u0131 <\/span>B<span class=\"misspell-word\">\u00fcy\u00fck <\/span>K<span class=\"misspell-word\">apasiteli <\/span>M<span class=\"misspell-word\">ermer <\/span>E<span class=\"misspell-word\">czac\u0131 <\/span>K<span class=\"misspell-word\">avanozu,<\/span> B<span class=\"misspell-word\">anyo <\/span>M<span class=\"misspell-word\">alzemeleri <\/span>D<span class=\"misspell-word\">ekorasyonu,<\/span> M<span class=\"misspell-word\">akyaj <\/span>Saklama D<span class=\"misspell-word\">\u00fczenleyici <\/span>K<span class=\"misspell-word\">ab\u0131<\/span><\/p>\n<h1>Do\u011fal Mermer, Do\u011fal Benzersiz Tasar\u0131m<\/h1>\n<p>L\u00fcks T\u00fcrk mermerinden \u00fcretilen Mermer kapakl\u0131 pamuklu \u00e7ubuk tutucu, sa\u011flam ve dayan\u0131kl\u0131d\u0131r. Do\u011fal Mermer zamans\u0131z bir zarafet de sergiler. Do\u011fal mermer yap\u0131s\u0131, <span class=\"misspell-word\">stabilite<\/span> ve her banyo dekoruna uyum sa\u011flayan \u015f\u0131k bir g\u00f6r\u00fcn\u00fcm sa\u011flar.<\/p>\n<h1>Do\u011fal Mermer Fonksiyonel Tasar\u0131m<\/h1>\n<p>G\u00fcvenli bir kapa\u011fa sahip olan Do\u011fal mermer kavanoz, pamuklu \u00e7ubuklar ve pamuk toplar\u0131 gibi temel malzemelerinizi temiz ve kuru tutar. Alttaki kaymaz <span class=\"misspell-word\">pedler<\/span> kaymay\u0131 \u00f6nler ve <span class=\"misspell-word\">y\u00fczeylerinizi<\/span> <span class=\"misspell-word\">\u00e7izilmelere<\/span> kar\u015f\u0131 korur. Banyo kullan\u0131m\u0131 i\u00e7in m\u00fckemmeldir.<br data-tcx-user-gemerated=\"true\" \/>Geni\u015f Boyut uygun y\u00fcksekli\u011fiyle zarif olan banyo saklama <span class=\"misspell-word\">kavanozumuz<\/span>, g\u00fcnl\u00fck ihtiya\u00e7lar\u0131n\u0131z\u0131 kolayca ve \u015f\u0131k bir \u015fekilde d\u00fczenlemek i\u00e7in geni\u015f alan sa\u011flar.<\/p>\n<h1>Do\u011fal Mermer \u00c7ok Y\u00f6nl\u00fc Kullan\u0131m<\/h1>\n<p>Banyo, Tuvaletler dahil olmak \u00fczere \u00e7e\u015fitli ortamlar i\u00e7in ideal olan Do\u011fal mermer tuvalet saklama kavanozu yeterince \u00e7ok y\u00f6nl\u00fcd\u00fcr.<\/p>\n<h1>Zarif Hediye Se\u00e7ene\u011fi:<\/h1>\n<p>\u015e\u0131k tasar\u0131m\u0131, onu her durum i\u00e7in m\u00fckemmel bir hediye yapar. Bu mermer kavanoz sadece pratik bir saklama \u00e7\u00f6z\u00fcm\u00fc de\u011fil, ayn\u0131 zamanda do\u011fum g\u00fcnleri, ev hediyeleri ve di\u011fer \u00f6zel g\u00fcnler i\u00e7in l\u00fcks bir hediye fikridir. Sevdiklerinizi Do\u011fal T\u00fcrk mermer kavanozunun g\u00fczelli\u011fi ve i\u015flevselli\u011fiyle \u015f\u0131mart\u0131n.<\/p>\n<h1><span class=\"misspell-word\">\u0130\u015fletmenize <\/span>\u00f6<span class=\"misspell-word\">zel <\/span>M<span class=\"misspell-word\">ermer <\/span>K<span class=\"misspell-word\">utu <\/span>\u00dc<span class=\"misspell-word\">r\u00fcnleri <\/span>\u00c7<span class=\"misspell-word\">\u00f6z\u00fcmleri<\/span><\/h1>\n<p><br data-tcx-user-gemerated=\"true\" \/>Mermer Kutu kab\u0131n\u0131n <span class=\"misspell-word\">\u0130\u015fletmenize <\/span>\u00f6<span class=\"misspell-word\">zel <\/span>m<span class=\"misspell-word\">arkayla <\/span>\u00fc<span class=\"misspell-word\">retilmesi,<\/span> \u00d6<span class=\"misspell-word\">zel <\/span>tasar\u0131m M<span class=\"misspell-word\">ermer <\/span>K<span class=\"misspell-word\">utu <\/span>y<span class=\"misspell-word\">ap\u0131lmas\u0131 <\/span>o<span class=\"misspell-word\">lmak <\/span>\u00fczere, i<span class=\"misspell-word\">htiya\u00e7 <\/span>n<span class=\"misspell-word\">e <\/span>m<span class=\"misspell-word\">iktarda <\/span>o<span class=\"misspell-word\">lursa <\/span>o<span class=\"misspell-word\">lsun.<\/span> M<span class=\"misspell-word\">ermer <\/span>K<span class=\"misspell-word\">utu <\/span>t<span class=\"misspell-word\">asar\u0131ml\u0131 <\/span>m<span class=\"misspell-word\">ermer <\/span>\u00fc<span class=\"misspell-word\">r\u00fcn <\/span>\u00fc<span class=\"misspell-word\">retimiyle <\/span>i<span class=\"misspell-word\">lgili <\/span>bizle i<span class=\"misspell-word\">leti\u015fime <\/span>g<span class=\"misspell-word\">e\u00e7ebilirsiniz.<\/span> \u0130<span class=\"misspell-word\">\u015fletmenize \u00f6<\/span>zel ta<span class=\"misspell-word\">sar\u0131m v<\/span>e<span class=\"misspell-word\"> \u00f6<\/span>z<span class=\"misspell-word\">el d<\/span>e<span class=\"misspell-word\">senlerde M<\/span>e<span class=\"misspell-word\">rmer K<\/span>u<span class=\"misspell-word\">tu, <\/span>Mu<span class=\"misspell-word\">mluk T<\/span>e<span class=\"misspell-word\">reya\u011f\u0131 k<\/span>a<span class=\"misspell-word\">b\u0131, <\/span>m\u00fc<span class=\"misspell-word\">cevher k<\/span>a<span class=\"misspell-word\">b\u0131 v<\/span>eya ih<span class=\"misspell-word\">tiyac\u0131n\u0131z o<\/span>lan me<span class=\"misspell-word\">rmer e<\/span>\u015f<span class=\"misspell-word\">yalar\u0131 \u00fc<\/span>r<span class=\"misspell-word\">etiriz.<\/span><\/p>\n<p>Alttaki kaymaz <span class=\"misspell-word\">pedler<\/span> kaymay\u0131 \u00f6nler ve <span class=\"misspell-word\">y\u00fczeylerinizi<\/span> <span class=\"misspell-word\">\u00e7izilmelere<\/span> kar\u015f\u0131 korur. Banyo tezgahlar\u0131 ve makyaj masalar\u0131 i\u00e7in m\u00fckemmeldir.<br data-tcx-user-gemerated=\"true\" \/>Geni\u015f Boyut uygun y\u00fcksekli\u011fiyle zarif olan banyo saklama <span class=\"misspell-word\">kavanozumuz<\/span>, g\u00fcnl\u00fck ihtiya\u00e7lar\u0131n\u0131z\u0131 kolayca ve \u015f\u0131k bir \u015fekilde d\u00fczenlemek i\u00e7in geni\u015f alan sa\u011flar.<\/p>\n<h1>Do\u011fal Mermer \u00c7ok Y\u00f6nl\u00fc Kullan\u0131m<\/h1>\n<p>Banyo, mutfak ve ofisler dahil olmak \u00fczere \u00e7e\u015fitli ortamlar i\u00e7in ideal olan Do\u011fal mermer saklama kavanozu, pamuk toplar\u0131, kulak \u00e7ubuklar\u0131, makyaj <span class=\"misspell-word\">pedleri<\/span>, tak\u0131lar ve daha fazlas\u0131n\u0131 saklamak i\u00e7in yeterince \u00e7ok y\u00f6nl\u00fcd\u00fcr.<\/p>\n<h1>Zarif Hediye Se\u00e7ene\u011fi:<\/h1>\n<p>\u015e\u0131k tasar\u0131m\u0131, onu her durum i\u00e7in m\u00fckemmel bir hediye yapar. Bu mermer kavanoz sadece pratik bir saklama \u00e7\u00f6z\u00fcm\u00fc de\u011fil, ayn\u0131 zamanda do\u011fum g\u00fcnleri, ev hediyeleri ve di\u011fer \u00f6zel g\u00fcnler i\u00e7in l\u00fcks bir hediye fikridir. Sevdiklerinizi Do\u011fal T\u00fcrk mermer kavanozunun g\u00fczelli\u011fi ve i\u015flevselli\u011fiyle \u015f\u0131mart\u0131n.<\/p>\n<h1><span class=\"misspell-word\">\u0130\u015fletmenize <\/span>\u00f6<span class=\"misspell-word\">zel <\/span>M<span class=\"misspell-word\">ermer <\/span>K<span class=\"misspell-word\">utu <\/span>\u00dc<span class=\"misspell-word\">r\u00fcnleri <\/span>\u00c7<span class=\"misspell-word\">\u00f6z\u00fcmleri<\/span><\/h1>\n<p>Mermer Kutu kab\u0131n\u0131n <span class=\"misspell-word\">\u0130\u015fletmenize <\/span>\u00f6<span class=\"misspell-word\">zel <\/span>m<span class=\"misspell-word\">arkayla <\/span>\u00fc<span class=\"misspell-word\">retilmesi,<\/span> \u00d6<span class=\"misspell-word\">zel <\/span>tasar\u0131m M<span class=\"misspell-word\">ermer <\/span>K<span class=\"misspell-word\">utu <\/span>y<span class=\"misspell-word\">ap\u0131lmas\u0131 <\/span>o<span class=\"misspell-word\">lmak <\/span>\u00fczere, i<span class=\"misspell-word\">htiya\u00e7 <\/span>n<span class=\"misspell-word\">e <\/span>m<span class=\"misspell-word\">iktarda <\/span>o<span class=\"misspell-word\">lursa <\/span>o<span class=\"misspell-word\">lsun.<\/span> M<span class=\"misspell-word\">ermer <\/span>K<span class=\"misspell-word\">utu <\/span>t<span class=\"misspell-word\">asar\u0131ml\u0131 <\/span>m<span class=\"misspell-word\">ermer <\/span>\u00fc<span class=\"misspell-word\">r\u00fcn <\/span>\u00fc<span class=\"misspell-word\">retimiyle <\/span>i<span class=\"misspell-word\">lgili <\/span>bizle i<span class=\"misspell-word\">leti\u015fime <\/span>g<span class=\"misspell-word\">e\u00e7ebilirsiniz.<\/span> \u0130<span class=\"misspell-word\">\u015fletmenize \u00f6<\/span>zel ta<span class=\"misspell-word\">sar\u0131m v<\/span>e<span class=\"misspell-word\"> \u00f6<\/span>z<span class=\"misspell-word\">el d<\/span>e<span class=\"misspell-word\">senlerde M<\/span>e<span class=\"misspell-word\">rmer K<\/span>u<span class=\"misspell-word\">tu, <\/span>Mu<span class=\"misspell-word\">mluk T<\/span>e<span class=\"misspell-word\">reya\u011f\u0131 k<\/span>a<span class=\"misspell-word\">b\u0131, <\/span>m\u00fc<span class=\"misspell-word\">cevher k<\/span>a<span class=\"misspell-word\">b\u0131 v<\/span>eya ih<span class=\"misspell-word\">tiyac\u0131n\u0131z o<\/span>lan me<span class=\"misspell-word\">rmer e<\/span>\u015f<span class=\"misspell-word\">yalar\u0131 \u00fc<\/span>r<span class=\"misspell-word\">etiriz.<\/span><\/p>\n","protected":false},"excerpt":{"rendered":"<p>Do\u011fal Mermer, Traverten Tuvalet F\u0131r\u00e7as\u0131 i\u00e7in Kapakl\u0131 B\u00fcy\u00fck Kapasiteli Mermer Eczac\u0131 Kavanozu, Banyo Malzemeleri Dekorasyonu, Makyaj Saklama D\u00fczenleyici Kab\u0131<\/p>\n","protected":false},"featured_media":29826,"comment_status":"open","ping_status":"closed","template":"","meta":[],"product_brand":[54],"product_cat":[78,23],"product_tag":[],"class_list":{"0":"post-29825","1":"product","2":"type-product","3":"status-publish","4":"has-post-thumbnail","6":"product_brand-miamivit","7":"product_cat-mermer-banyo-aksesuar","8":"product_cat-mermer-esyalar","10":"first","11":"instock","12":"shipping-taxable","13":"purchasable","14":"product-type-simple"},"tiered_pricing_type":"fixed","tiered_pricing_fixed_rules":[],"tiered_pricing_product_settings":{"layout":"default","base_unit_name":{"singular":null,"plural":null},"default_variation":null},"tiered_pricing_minimum_quantity":null,"tiered_pricing_roles_data":[],"tiered_pricing_percentage_rules":[],"tiered_pricing_maximum_quantity":null,"tiered_pricing_quantity_step":null,"fifu_image_url":"https:\/\/miamivit.com\/turkiye\/Image-tr\/Bathroom\/White-Bright.Canister-Wc-Brush-Wave-16.1-Default.jpg","_links":{"self":[{"href":"https:\/\/miamivit.com\/turkiye\/wp-json\/wp\/v2\/product\/29825","targetHints":{"allow":["GET"]}}],"collection":[{"href":"https:\/\/miamivit.com\/turkiye\/wp-json\/wp\/v2\/product"}],"about":[{"href":"https:\/\/miamivit.com\/turkiye\/wp-json\/wp\/v2\/types\/product"}],"replies":[{"embeddable":true,"href":"https:\/\/miamivit.com\/turkiye\/wp-json\/wp\/v2\/comments?post=29825"}],"version-history":[{"count":0,"href":"https:\/\/miamivit.com\/turkiye\/wp-json\/wp\/v2\/product\/29825\/revisions"}],"wp:featuredmedia":[{"embeddable":true,"href":"https:\/\/miamivit.com\/turkiye\/wp-json\/wp\/v2\/media\/29826"}],"wp:attachment":[{"href":"https:\/\/miamivit.com\/turkiye\/wp-json\/wp\/v2\/media?parent=29825"}],"wp:term":[{"taxonomy":"product_brand","embeddable":true,"href":"https:\/\/miamivit.com\/turkiye\/wp-json\/wp\/v2\/product_brand?post=29825"},{"taxonomy":"product_cat","embeddable":true,"href":"https:\/\/miamivit.com\/turkiye\/wp-json\/wp\/v2\/product_cat?post=29825"},{"taxonomy":"product_tag","embeddable":true,"href":"https:\/\/miamivit.com\/turkiye\/wp-json\/wp\/v2\/product_tag?post=29825"}],"curies":[{"name":"wp","href":"https:\/\/api.w.org\/{rel}","templated":true}]}}