{"id":30480,"date":"2025-12-18T21:47:52","date_gmt":"2025-12-18T21:47:52","guid":{"rendered":"https:\/\/miamivit.com\/turkiye\/?post_type=product&#038;p=30480"},"modified":"2026-01-27T18:10:43","modified_gmt":"2026-01-27T18:10:43","slug":"miamivit-la-perla-mermer-esyalar-dis-cephe-art-dekor-aslan-uzanmis-bahce-hotel-magaza-210cmx220cm","status":"publish","type":"product","link":"https:\/\/miamivit.com\/turkiye\/product\/miamivit-la-perla-mermer-esyalar-dis-cephe-art-dekor-aslan-uzanmis-bahce-hotel-magaza-210cmx220cm\/","title":{"rendered":"Miamivit La Perla Mermer E\u015fyalar D\u0131\u015f Cephe Art Dekor Aslan Uzanm\u0131\u015f Bah\u00e7e, Hotel, Ma\u011faza 210cmx220cm"},"content":{"rendered":"<h2>Do\u011fal Mermer Aslan Sanat Eseri Tasar\u0131m Birinci s\u0131n\u0131f blok mermerden el i\u015f\u00e7ili\u011fiyle yontulur.<\/h2>\n<p>Do\u011fal ta\u015f\u0131n a\u011f\u0131rl\u0131\u011f\u0131 ve dokusu, muhte\u015fem bir giri\u015f ve kar\u015f\u0131lama sa\u011flar.<br \/>\nMalikane ve villa giri\u015fleri<br \/>\nOteller ve kurumsal bina lobileri<br \/>\nGeni\u015f peyzaj alanlar\u0131 ve havuz ba\u015flar\u0131<br \/>\nideal kullan\u0131m alanlar\u0131d\u0131r. Mermer Aslan muhte\u015fem bir haf\u0131zada yer edinme sa\u011flar. Markan\u0131za ve Yap\u0131n\u0131za de\u011fer katar.<\/p>\n<h2>Do\u011fal Mermer Kolay Bak\u0131m<\/h2>\n<p>Zahmetsiz Temizlik P\u00fcr\u00fczs\u00fcz, cilal\u0131 mermer y\u00fczey do\u011fal olarak <span class=\"misspell-word\">g\u00f6zeneksizdir<\/span>, bu da temizlemeyi kolayla\u015ft\u0131r\u0131r ve nem emilimine ve kal\u0131c\u0131 kokulara kar\u015f\u0131 diren\u00e7li olmas\u0131n\u0131 sa\u011flar. Sadece h\u0131zl\u0131 bir silme i\u015flemiyle hijyenik ve g\u00fczel kal\u0131r.<\/p>\n<h2>Do\u011fal Mermer En M\u00fckemmel Hediye<\/h2>\n<p>Fonksiyonel ve \u015e\u0131k D\u00fc\u011f\u00fcnler, ev hediyeleri veya <span class=\"misspell-word\">gurme<\/span> merakl\u0131lar\u0131 i\u00e7in d\u00fc\u015f\u00fcnceli bir se\u00e7im olan bu \u00fcr\u00fcn, her t\u00fcrl\u00fc modern veya klasik mutfak dekoruna uygun kal\u0131c\u0131 g\u00fczellik ve kullan\u0131\u015fl\u0131l\u0131k sunar.<\/p>\n<h2><span class=\"misspell-word\">\u0130\u015fletmenize <\/span>\u00f6<span class=\"misspell-word\">zel <\/span>D<span class=\"misspell-word\">o\u011fal <\/span>M<span class=\"misspell-word\">ermer <\/span>D<span class=\"misspell-word\">ekorasyon <\/span>Ta\u015flar\u0131 \u00dc<span class=\"misspell-word\">r\u00fcnleri <\/span>\u00c7<span class=\"misspell-word\">\u00f6z\u00fcmleri<\/span><\/h2>\n<p>Do\u011fal Mermer Dekorasyon Ta\u015flar\u0131 kab\u0131n\u0131n <span class=\"misspell-word\">\u0130\u015fletmenize <\/span>\u00f6<span class=\"misspell-word\">zel <\/span>m<span class=\"misspell-word\">arkayla <\/span>\u00fc<span class=\"misspell-word\">retilmesi,<\/span> \u00d6<span class=\"misspell-word\">zel <\/span>tasar\u0131m D<span class=\"misspell-word\">o\u011fal <\/span>M<span class=\"misspell-word\">ermer <\/span>D<span class=\"misspell-word\">ekorasyon <\/span>Ta\u015flar\u0131 y<span class=\"misspell-word\">ap\u0131lmas\u0131 <\/span>o<span class=\"misspell-word\">lmak <\/span>\u00fczere, i<span class=\"misspell-word\">htiya\u00e7 <\/span>n<span class=\"misspell-word\">e <\/span>m<span class=\"misspell-word\">iktarda <\/span>o<span class=\"misspell-word\">lursa <\/span>o<span class=\"misspell-word\">lsun.<\/span> D<span class=\"misspell-word\">o\u011fal <\/span>M<span class=\"misspell-word\">ermer <\/span>D<span class=\"misspell-word\">ekorasyon <\/span>Ta\u015flar\u0131 t<span class=\"misspell-word\">asar\u0131ml\u0131 <\/span>m<span class=\"misspell-word\">ermer <\/span>\u00fc<span class=\"misspell-word\">r\u00fcn <\/span>\u00fc<span class=\"misspell-word\">retimiyle <\/span>i<span class=\"misspell-word\">lgili <\/span>bizle i<span class=\"misspell-word\">leti\u015fime <\/span>g<span class=\"misspell-word\">e\u00e7ebilirsiniz.<\/span> \u0130<span class=\"misspell-word\">\u015fletmenize \u00f6<\/span>zel ta<span class=\"misspell-word\">sar\u0131m v<\/span>e<span class=\"misspell-word\"> \u00f6<\/span>z<span class=\"misspell-word\">el d<\/span>e<span class=\"misspell-word\">senlerde M<\/span>e<span class=\"misspell-word\">rmer K<\/span>e<span class=\"misspell-word\">sme T<\/span>a<span class=\"misspell-word\">htas\u0131, <\/span>Mu<span class=\"misspell-word\">mluk T<\/span>e<span class=\"misspell-word\">reya\u011f\u0131 k<\/span>a<span class=\"misspell-word\">b\u0131, <\/span>m\u00fc<span class=\"misspell-word\">cevher k<\/span>a<span class=\"misspell-word\">b\u0131 v<\/span>eya ih<span class=\"misspell-word\">tiyac\u0131n\u0131z o<\/span>lan me<span class=\"misspell-word\">rmer e<\/span>\u015f<span class=\"misspell-word\">yalar\u0131 \u00fc<\/span>r<span class=\"misspell-word\">etiriz.<br \/>\nYar\u0131\u015f ve \u00f6zel atlar\u0131n\u0131z\u0131n 3D AI birebir Mermer heykeli yap\u0131lmaktad\u0131r.<\/span><\/p>\n","protected":false},"excerpt":{"rendered":"<h2>Do\u011fal Mermer Aslan Sanat Eseri Tasar\u0131m Birinci s\u0131n\u0131f blok mermerden el i\u015f\u00e7ili\u011fiyle yontulur.<\/h2>\n<p>Do\u011fal ta\u015f\u0131n a\u011f\u0131rl\u0131\u011f\u0131 ve dokusu, muhte\u015fem bir giri\u015f ve kar\u015f\u0131lama sa\u011flar.<br \/>\nMalikane ve villa giri\u015fleri<br \/>\nOteller ve kurumsal bina lobileri<br \/>\nGeni\u015f peyzaj alanlar\u0131 ve havuz ba\u015flar\u0131<br \/>\nideal kullan\u0131m alanlar\u0131d\u0131r. Mermer Aslan muhte\u015fem bir haf\u0131zada yer edinme sa\u011flar. Markan\u0131za ve Yap\u0131n\u0131za de\u011fer katar.<\/p>\n","protected":false},"featured_media":30481,"comment_status":"open","ping_status":"closed","template":"","meta":[],"product_brand":[54],"product_cat":[102,101],"product_tag":[],"class_list":{"0":"post-30480","1":"product","2":"type-product","3":"status-publish","4":"has-post-thumbnail","6":"product_brand-miamivit","7":"product_cat-mermer-heykel","8":"product_cat-mermer-sanat-eserleri","10":"first","11":"instock","12":"shipping-taxable","13":"purchasable","14":"product-type-simple"},"tiered_pricing_type":"fixed","tiered_pricing_fixed_rules":[],"tiered_pricing_product_settings":{"layout":"default","base_unit_name":{"singular":null,"plural":null},"default_variation":null},"tiered_pricing_minimum_quantity":null,"tiered_pricing_roles_data":[],"tiered_pricing_percentage_rules":[],"tiered_pricing_maximum_quantity":null,"tiered_pricing_quantity_step":null,"fifu_image_url":"https:\/\/miamivit.com\/turkiye\/Image-tr\/Art-Decor\/AD011%20White-Bright.Art-Decor-%20Lion-Bulgaria.1-Default.jpg","_links":{"self":[{"href":"https:\/\/miamivit.com\/turkiye\/wp-json\/wp\/v2\/product\/30480","targetHints":{"allow":["GET"]}}],"collection":[{"href":"https:\/\/miamivit.com\/turkiye\/wp-json\/wp\/v2\/product"}],"about":[{"href":"https:\/\/miamivit.com\/turkiye\/wp-json\/wp\/v2\/types\/product"}],"replies":[{"embeddable":true,"href":"https:\/\/miamivit.com\/turkiye\/wp-json\/wp\/v2\/comments?post=30480"}],"version-history":[{"count":0,"href":"https:\/\/miamivit.com\/turkiye\/wp-json\/wp\/v2\/product\/30480\/revisions"}],"wp:featuredmedia":[{"embeddable":true,"href":"https:\/\/miamivit.com\/turkiye\/wp-json\/wp\/v2\/media\/30481"}],"wp:attachment":[{"href":"https:\/\/miamivit.com\/turkiye\/wp-json\/wp\/v2\/media?parent=30480"}],"wp:term":[{"taxonomy":"product_brand","embeddable":true,"href":"https:\/\/miamivit.com\/turkiye\/wp-json\/wp\/v2\/product_brand?post=30480"},{"taxonomy":"product_cat","embeddable":true,"href":"https:\/\/miamivit.com\/turkiye\/wp-json\/wp\/v2\/product_cat?post=30480"},{"taxonomy":"product_tag","embeddable":true,"href":"https:\/\/miamivit.com\/turkiye\/wp-json\/wp\/v2\/product_tag?post=30480"}],"curies":[{"name":"wp","href":"https:\/\/api.w.org\/{rel}","templated":true}]}}