{"id":30898,"date":"2026-01-23T11:25:58","date_gmt":"2026-01-23T11:25:58","guid":{"rendered":"https:\/\/miamivit.com\/turkiye\/?post_type=product&#038;p=30898"},"modified":"2026-01-28T11:19:41","modified_gmt":"2026-01-28T11:19:41","slug":"ev003-miamivit-catherine-lavabo-rosette-acanthus-dogal-mermer-bej-40x60x15","status":"publish","type":"product","link":"https:\/\/miamivit.com\/turkiye\/product\/ev003-miamivit-catherine-lavabo-rosette-acanthus-dogal-mermer-bej-40x60x15\/","title":{"rendered":"Miamivit Catherine Lavabo Rosette Acanthus Do\u011fal Mermer Bej 40x60x15"},"content":{"rendered":"<p><span class=\"misspell-word\">Miamivit<\/span> <span class=\"misspell-word\">Catherine<\/span> Lavabo <span class=\"misspell-word\">Rosette<\/span> <span class=\"misspell-word\">Acanthus<\/span> Do\u011fal Bej Mermer Lavabo<\/p>\n<div id=\"model-response-message-contentr_03376f1f69190457\" class=\"markdown markdown-main-panel stronger enable-updated-hr-color\" dir=\"ltr\" aria-live=\"polite\" aria-busy=\"false\">\n<p data-path-to-node=\"0\">Bu lavabo, do\u011fal ta\u015f\u0131n ham cazibesini zamans\u0131z mimari tasar\u0131mlarla birle\u015ftiren enfes el i\u015f\u00e7ili\u011finin bir \u00f6rne\u011fidir. L\u00fcks bir banyo veya tuvalette odak noktas\u0131 olarak hizmet etmesi ama\u00e7lanm\u0131\u015ft\u0131r.<\/p>\n<h2 data-path-to-node=\"1\"><span class=\"misspell-word\">Miamivit<\/span> <span class=\"misspell-word\">Catherine<\/span> Lavabo <span class=\"misspell-word\">Rosette<\/span> <span class=\"misspell-word\">Acanthus<\/span> do\u011fal bej mermer Lavabo \u00dcr\u00fcn Genel Bak\u0131\u015f\u0131<\/h2>\n<p data-path-to-node=\"2\"><span class=\"misspell-word\">Catherine<\/span> <span class=\"misspell-word\">Rosette<\/span> <span class=\"misspell-word\">Acanthus<\/span> modeli, y\u00fcksek kaliteli do\u011fal bej mermerden titizlikle oyulmu\u015f, kap tipi bir lavabodur. En dikkat \u00e7ekici \u00f6zelli\u011fi, <span class=\"misspell-word\">Greko<\/span>-Romen sanat\u0131ndan ilham alan \u00f6n k\u0131s\u0131mdaki el oymas\u0131 y\u00fcksek kabartma dekorasyonudur.<\/p>\n<h3 data-path-to-node=\"4\"><span class=\"misspell-word\">Miamivit<\/span> <span class=\"misspell-word\">Catherine<\/span> Lavabo <span class=\"misspell-word\">Rosette<\/span> <span class=\"misspell-word\">Acanthus<\/span> Do\u011fal Bej Mermer Lavabo Temel \u00d6zellikler ve Teknik \u00d6zellikler<\/h3>\n<ul data-path-to-node=\"5\">\n<li>\n<p data-path-to-node=\"5,0,0\"><b data-path-to-node=\"5,0,0\" data-index-in-node=\"0\">Malzeme:<\/b> %100 do\u011fal mermer. Bu, her par\u00e7an\u0131n kendine \u00f6zg\u00fc damarlanma ve renk farkl\u0131l\u0131klar\u0131 sergilemesini sa\u011flar; hi\u00e7bir lavabo birbirine benzemez.<\/p>\n<\/li>\n<li>\n<p data-path-to-node=\"5,1,0\"><b data-path-to-node=\"5,1,0\" data-index-in-node=\"0\">Tasar\u0131m Motifi:<\/b> Ayr\u0131nt\u0131l\u0131 bir <span class=\"misspell-word\">akantus<\/span> yapra\u011f\u0131 ve <span class=\"misspell-word\">rosette<\/span> oymas\u0131 sergiler. Bu klasik <span class=\"misspell-word\">\u201cBarok<\/span> ve Antik \u00c7a\u011f\u0131n <span class=\"misspell-word\">Bulu\u015fmas\u0131\u201d<\/span> tasar\u0131m\u0131, tarih ve ihti\u015fam duygusu uyand\u0131r\u0131yor.<\/p>\n<\/li>\n<li>\n<p data-path-to-node=\"5,2,0\"><b data-path-to-node=\"5,2,0\" data-index-in-node=\"0\"><span class=\"misspell-word\">\u0130\u015flem<\/span>:<\/b> M<span class=\"misspell-word\">ermer,<\/span> s<span class=\"misspell-word\">\u0131cak,<\/span> t<span class=\"misspell-word\">oprak <\/span>t<span class=\"misspell-word\">onlar\u0131ndaki <\/span>b<span class=\"misspell-word\">ej <\/span>r<span class=\"misspell-word\">enklerini <\/span>v<span class=\"misspell-word\">urgulayan <\/span>p<span class=\"misspell-word\">\u00fcr\u00fczs\u00fcz,<\/span> mat-saten b<span class=\"misspell-word\">ir <\/span>y<span class=\"misspell-word\">\u00fczeye <\/span>kadar c<span class=\"misspell-word\">ilalanm\u0131\u015ft\u0131r.<\/span><\/p>\n<\/li>\n<li>\n<p data-path-to-node=\"5,3,0\"><b data-path-to-node=\"5,3,0\" data-index-in-node=\"0\">\u00d6l\u00e7\u00fcler:<\/b> *<\/p>\n<ul data-path-to-node=\"5\">\n<li>\n<p data-path-to-node=\"5,3,0\"><b data-path-to-node=\"5,3,0\" data-index-in-node=\"14\">Geni\u015flik:<\/b> 60 cm<\/p>\n<\/li>\n<li>\n<p data-path-to-node=\"5,3,1,0,0\"><b data-path-to-node=\"5,3,1,0,0\" data-index-in-node=\"0\">Derinlik:<\/b> 40 cm<\/p>\n<\/li>\n<li>\n<p data-path-to-node=\"5,3,1,1,0\"><b data-path-to-node=\"5,3,1,1,0\" data-index-in-node=\"0\">Y\u00fckseklik:<\/b> 15 cm<\/p>\n<\/li>\n<\/ul>\n<\/li>\n<\/ul>\n<h3 data-path-to-node=\"6\">Tasar\u0131m Esteti\u011fi<\/h3>\n<ul data-path-to-node=\"7\">\n<li>\n<p data-path-to-node=\"7,0,0\"><b data-path-to-node=\"7,0,0\" data-index-in-node=\"0\">\u015eekil:<\/b> Lavabo, ortadaki arka at\u0131k deli\u011fine do\u011fru suyun verimli bir \u015fekilde akmas\u0131n\u0131 sa\u011flayan, hafif e\u011fimli i\u00e7 hazneye sahip dikd\u00f6rtgen bir tasar\u0131ma sahiptir.<\/p>\n<\/li>\n<li>\n<p data-path-to-node=\"7,1,0\"><b data-path-to-node=\"7,1,0\" data-index-in-node=\"0\">Kurulum:<\/b> Bu lavabo, tezgah \u00fcst\u00fc monte edilen (tezgah \u00fcst\u00fc) bir lavabo olarak tasarlanm\u0131\u015ft\u0131r ve karma\u015f\u0131k \u00f6n oyma detaylar\u0131n\u0131 vurgular.<\/p>\n<\/li>\n<li>\n<p data-path-to-node=\"7,2,0\"><b data-path-to-node=\"7,2,0\" data-index-in-node=\"0\">\u00c7ok Y\u00f6nl\u00fcl\u00fck:<\/b> &#8220;Klasik&#8221; veya &#8220;<span class=\"misspell-word\">Rustik<\/span> L\u00fcks&#8221; bir esteti\u011fi temsil etme e\u011filiminde olsa da, n\u00f6tr bej renk \u015femas\u0131, Akdeniz <span class=\"misspell-word\">ambiyans\u0131<\/span> i\u00e7in ah\u015fap banyo dolaplar\u0131yla veya \u00e7arp\u0131c\u0131 bir kontrast i\u00e7in koyu ta\u015f tezgahlarla g\u00fczel bir \u015fekilde uyum sa\u011flamas\u0131na olanak tan\u0131r.<\/p>\n<\/li>\n<\/ul>\n<h3 data-path-to-node=\"9\">Bak\u0131m <span class=\"misspell-word\">\u0130pu\u00e7lar\u0131<\/span><\/h3>\n<p data-path-to-node=\"10\">Do\u011fal mermer oldu\u011fu i\u00e7in g\u00f6zeneklidir ve serami\u011fe k\u0131yasla biraz daha fazla bak\u0131m gerektirir:<\/p>\n<ol start=\"1\" data-path-to-node=\"11\">\n<li>\n<p data-path-to-node=\"11,0,0\"><b data-path-to-node=\"11,0,0\" data-index-in-node=\"0\">S\u0131zd\u0131rmazl\u0131k:<\/b> Lekelenmeyi \u00f6nlemek i\u00e7in ilk kullan\u0131mdan \u00f6nce ta\u015f s\u0131zd\u0131rmazl\u0131k maddesi uygulanmas\u0131 \u015fiddetle tavsiye edilir.<\/p>\n<\/li>\n<li>\n<p data-path-to-node=\"11,1,0\"><b data-path-to-node=\"11,1,0\" data-index-in-node=\"0\">Temizlik:<\/b> <span class=\"misspell-word\">pH<\/span> n\u00f6tr temizlik maddeleri kullan\u0131n. Mermer y\u00fczeyini &#8220;<span class=\"misspell-word\">a\u015f\u0131nd\u0131rabilecek<\/span>&#8221; veya <span class=\"misspell-word\">matla\u015ft\u0131rabilecek<\/span> sert kimyasallardan (\u00e7ama\u015f\u0131r suyu veya <span class=\"misspell-word\">asidik<\/span> sirke gibi) ka\u00e7\u0131n\u0131n.<\/p>\n<\/li>\n<li>\n<p data-path-to-node=\"11,2,0\"><b data-path-to-node=\"11,2,0\" data-index-in-node=\"0\">Silme <span class=\"misspell-word\">\u0130\u015flemi<\/span>:<\/b> Ta\u015f\u0131n p<span class=\"misspell-word\">arlakl\u0131\u011f\u0131n\u0131 <\/span>a<span class=\"misspell-word\">zaltacak <\/span>m<span class=\"misspell-word\">ineral <\/span>b<span class=\"misspell-word\">irikimini <\/span>(k<span class=\"misspell-word\">ire\u00e7 <\/span>t<span class=\"misspell-word\">ortusu)<\/span> \u00f6<span class=\"misspell-word\">nlemek <\/span>i<span class=\"misspell-word\">\u00e7in <\/span>b<span class=\"misspell-word\">iriken <\/span>suyu s<span class=\"misspell-word\">ilmeniz <\/span>\u00f6<span class=\"misspell-word\">nerilir.<\/span><\/p>\n<\/li>\n<\/ol>\n<p data-path-to-node=\"13\">\n<\/div>\n","protected":false},"excerpt":{"rendered":"<p><span class=\"misspell-word\">Miamivit<\/span> <span class=\"misspell-word\">Catherine<\/span> Lavabo <span class=\"misspell-word\">Rosette<\/span> <span class=\"misspell-word\">Acanthus<\/span> Do\u011fal Bej Mermer Lavabo<\/p>\n<div id=\"model-response-message-contentr_03376f1f69190457\" class=\"markdown markdown-main-panel stronger enable-updated-hr-color\" dir=\"ltr\" aria-live=\"polite\" aria-busy=\"false\">\n<p data-path-to-node=\"0\">Bu lavabo, do\u011fal ta\u015f\u0131n ham cazibesini zamans\u0131z mimari tasar\u0131mlarla birle\u015ftiren enfes el i\u015f\u00e7ili\u011finin bir \u00f6rne\u011fidir. L\u00fcks bir banyo veya tuvalette odak noktas\u0131 olarak hizmet etmesi ama\u00e7lanm\u0131\u015ft\u0131r.<\/p>\n<h2 data-path-to-node=\"1\"><span class=\"misspell-word\">Miamivit<\/span> <span class=\"misspell-word\">Catherine<\/span> Lavabo <span class=\"misspell-word\">Rosette<\/span> <span class=\"misspell-word\">Acanthus<\/span> do\u011fal bej mermer Lavabo \u00dcr\u00fcn Genel Bak\u0131\u015f\u0131<\/h2>\n<p data-path-to-node=\"2\"><span class=\"misspell-word\">Catherine<\/span> <span class=\"misspell-word\">Rosette<\/span> <span class=\"misspell-word\">Acanthus<\/span> modeli, y\u00fcksek kaliteli do\u011fal bej mermerden titizlikle oyulmu\u015f, kap tipi bir lavabodur. En dikkat \u00e7ekici \u00f6zelli\u011fi, <span class=\"misspell-word\">Greko<\/span>-Romen sanat\u0131ndan ilham alan \u00f6n k\u0131s\u0131mdaki el oymas\u0131 y\u00fcksek kabartma dekorasyonudur.<\/p>\n<\/div>\n","protected":false},"featured_media":30639,"comment_status":"open","ping_status":"closed","template":"","meta":[],"product_brand":[54],"product_cat":[93,92],"product_tag":[],"class_list":{"0":"post-30898","1":"product","2":"type-product","3":"status-publish","4":"has-post-thumbnail","6":"product_brand-miamivit","7":"product_cat-mermer-lavabo","8":"product_cat-vitrifiye","10":"first","11":"instock","12":"shipping-taxable","13":"purchasable","14":"product-type-simple"},"tiered_pricing_type":"fixed","tiered_pricing_fixed_rules":[],"tiered_pricing_product_settings":{"layout":"default","base_unit_name":{"singular":null,"plural":null},"default_variation":null},"tiered_pricing_minimum_quantity":null,"tiered_pricing_roles_data":[],"tiered_pricing_percentage_rules":[],"tiered_pricing_maximum_quantity":null,"tiered_pricing_quantity_step":null,"_links":{"self":[{"href":"https:\/\/miamivit.com\/turkiye\/wp-json\/wp\/v2\/product\/30898","targetHints":{"allow":["GET"]}}],"collection":[{"href":"https:\/\/miamivit.com\/turkiye\/wp-json\/wp\/v2\/product"}],"about":[{"href":"https:\/\/miamivit.com\/turkiye\/wp-json\/wp\/v2\/types\/product"}],"replies":[{"embeddable":true,"href":"https:\/\/miamivit.com\/turkiye\/wp-json\/wp\/v2\/comments?post=30898"}],"version-history":[{"count":0,"href":"https:\/\/miamivit.com\/turkiye\/wp-json\/wp\/v2\/product\/30898\/revisions"}],"wp:featuredmedia":[{"embeddable":true,"href":"https:\/\/miamivit.com\/turkiye\/wp-json\/wp\/v2\/media\/30639"}],"wp:attachment":[{"href":"https:\/\/miamivit.com\/turkiye\/wp-json\/wp\/v2\/media?parent=30898"}],"wp:term":[{"taxonomy":"product_brand","embeddable":true,"href":"https:\/\/miamivit.com\/turkiye\/wp-json\/wp\/v2\/product_brand?post=30898"},{"taxonomy":"product_cat","embeddable":true,"href":"https:\/\/miamivit.com\/turkiye\/wp-json\/wp\/v2\/product_cat?post=30898"},{"taxonomy":"product_tag","embeddable":true,"href":"https:\/\/miamivit.com\/turkiye\/wp-json\/wp\/v2\/product_tag?post=30898"}],"curies":[{"name":"wp","href":"https:\/\/api.w.org\/{rel}","templated":true}]}}